 - 670, 4*l - 4*n - 372 = 2284. Let k = -488 + l. What is the tens digit of k?
7
Suppose -2*y - 6305 = -b + 3320, -4*b = 2*y - 38490. What is the thousands digit of b?
9
Let q be (-6 - (-19 - -8)) + (-2 - 3). Suppose q = -56*d + 65*d - 6867. What is the tens digit of d?
6
Let y = 509 - 145. Suppose 0 = 45*m - 41*m - y. What is the tens digit of m?
9
Let s = -34 - 32. Suppose 0 = -780*t + 772*t - 1384. Let a = s - t. What is the tens digit of a?
0
Let u = 2702 + 157. Suppose -y - j + 1433 = 0, y - u = -y + 5*j. Suppose -y = -6*t - 2*t. What is the hundreds digit of t?
1
Let b(h) = h**3 + 3*h**2 - h + 18813. What is the hundreds digit of b(0)?
8
Suppose -3*j + 0*y - y + 76 = 0, 4*j + y - 103 = 0. Suppose -3*b = 18 + j. Let m = 57 + b. What is the tens digit of m?
4
Let i = -3286 - -6048. What is the thousands digit of i?
2
Let d(i) = 52*i**2 + 17*i - 2. Let r be 27/(-54)*-2*3. What is the tens digit of d(r)?
1
Let a = -169 - -172. What is the hundreds digit of (-6)/3*(a + -73)?
1
Let h be ((-10)/30)/(1/3). Let g(p) = 1172*p**2 - 15*p - 15. What is the tens digit of g(h)?
7
Let q be (7 + -6 - (1 + 1))/1. What is the tens digit of (-495 - -5 - 2)*q?
9
Suppose -7*y + 209106 + 306038 = 0. What is the thousands digit of y?
3
Let a be 3/(4/4) - 203. Let c = a - -656. Suppose 0 = -4*q - i + 452, -4*q - i - i = -c. What is the hundreds digit of q?
1
Let a be (-4)/3 - (-7312)/48. Let c = a + -49. What is the hundreds digit of c?
1
Let r(w) = 2*w**2 + 2*w - 5. Let u be r(4). Let a = -323 + 325. Suppose v - u = -c, -3*v + a*c + 113 = c. What is the tens digit of v?
3
Let d(m) = 15*m**3 + m**2 - 7*m - 13. Let p(f) = 7*f**3 - 3*f - 6. Let u(r) = -6*d(r) + 13*p(r). Let c be u(6). What is the tens digit of ((-130)/4)/((-3)/c)?
9
Suppose 5*z + 10 = -5*v, 1 = 2*z - 4*v - 1. What is the tens digit of (z - 5736/(-5)) + (-268)/(-335)?
4
Suppose -5*t + 0*t + 152 = -m, 5*m - 5*t + 780 = 0. Suppose 0 = -2*i + c - 51, c = 3*i + 6*c + 83. What is the hundreds digit of (i/(-5))/((-4)/(-3 + m))?
2
Let q be ((-4)/(-2))/((-1)/(-2)). Let h = 1178 - 1041. Suppose -3*z + h = i, q*i - 216 - 311 = -5*z. What is the units digit of i?
8
Suppose -41*q + 28 = -37*q. Let x(t) = 2*t**2 + 4*t + 10. Let s be x(-9). Suppose s = -5*c + q*c. What is the units digit of c?
8
Let n be (-12)/(3 - 5)*(-725)/(-10). Let y = n + -17. What is the tens digit of y?
1
Let y(z) = -17285*z - 7201. What is the units digit of y(-4)?
9
Let g be 14/147 + (-2022)/63. What is the tens digit of g/(-304) + (-1 - (-2044)/76)?
2
Let t(z) = -2*z**2 + 23*z + 16. Let y = -38 - -50. Let u be t(y). Let o(q) = 51*q - 8. What is the tens digit of o(u)?
9
Suppose m - 6753 = -4*m + 2*t, 3*m - 4035 = -3*t. What is the units digit of m?
9
Let m = -1934 + 4144. Suppose 4*r = v + 5*r - 440, 5*r = 5*v - m. What is the units digit of v?
1
Let s(r) = -r**3 + 25*r**2 - 33*r - 22. Let x be s(17). Suppose -8*a + 4*a = -2*w + 700, 3*a + x = 5*w. What is the units digit of w?
4
Let v(g) = -16*g - 19. Let l be v(-2). Suppose l*d - 8*d = 890. What is the tens digit of d?
7
Let r = -26014 + 40368. What is the thousands digit of r?
4
Let s = -68 - -62. Let t = -4 - s. What is the tens digit of (t - (18 - 1))/(2/(-12))?
9
Suppose 25 = -3*f + 4*j, 2*j - 66 = 5*f - 1. What is the tens digit of (-9)/f - 9288/(-120)?
7
Let v(m) = -m**3 + 11*m**2 - 9*m - 19. Let o be v(10). Let s(l) = -l**2 - 16*l - 9. Let n be s(o). Suppose 58*w = n*w + 424. What is the tens digit of w?
0
What is the ten thousands digit of (25 + 256)/(4 + (-1305)/327)?
3
Suppose -18*l + 11*l = -1687. Suppose -5*q = 2*w - 485, -3*w + q - l = -994. What is the units digit of w?
0
Suppose -30093 = -5*l + g, -4*l = -4*g + 153 - 24237. What is the tens digit of l?
1
What is the thousands digit of 2008 - (-75)/((-85)/17)?
1
Suppose -2*h + 5*z = -235, 8*h - z = 10*h - 205. What is the units digit of h/9*(-81)/(-15)?
3
Let i(b) = 17*b**2 + 4*b - 12. Let r be i(5). Suppose 0 = -8*g - r + 2097. What is the units digit of g?
8
Suppose q + 4*p + 6 = 0, 4*q + p - 6*p + 24 = 0. Let d be 1 - ((q - -1) + 1). Let w(z) = z**3 - 4*z + 13. What is the tens digit of w(d)?
1
Suppose -22 - 1 = 5*b + 2*p, -2*b - 11 = -p. Let n be 4/((-10)/75*b). Suppose n = -3*z, 4*i + 5*z - 242 = i. What is the tens digit of i?
8
Let j = -78 + 90. Let f(u) = 15*u - 1. Let s be f(2). Suppose -4*c = -4*n - j, 5*c - s = -2*n - 0*n. What is the units digit of n?
2
What is the units digit of (3 - -11965) + 12 + -21?
9
Let a(w) = -5*w - 21. Let u be a(3). Let b = -36 - u. Let t(o) = 7*o + 26. What is the tens digit of t(b)?
2
Let f = 29 - 27. Let u(x) = 5*x**2 - 3*x**3 - x**2 - 5*x + f + 7*x**3 - 3*x**3. What is the units digit of u(-5)?
2
Suppose 149011 = 14*p + 36381. What is the units digit of p?
5
Let o be 20/(-15)*(2 - (-55)/(-2)). Suppose 0 = 4*d - 4, -a + 3*d = o + 23. What is the tens digit of (-24)/(-10)*(1 - a)?
3
Let w = -192 + 128. Let f be -6 + w/(-12) + 4/(-3). What is the tens digit of (206 + -1)/(0 + 3 + f)?
0
Suppose 2*t + 4*l = 8474, 56*l - 60*l = 4*t - 16936. What is the hundreds digit of t?
2
Let u = 20 - 14. Let l be (-2 + u/4)/((-2)/(-876)). Let j = l + 318. What is the units digit of j?
9
Suppose 0 = 2*h + h - v + 169, 0 = -4*h - 2*v - 232. Suppose 139*o = 108*o + 3999. Let a = h + o. What is the tens digit of a?
7
Suppose 0 = 4*h + 13*h + 29903. What is the tens digit of (-12)/(-32)*4 - h/2?
8
Let z = -40 + 45. Suppose n = z*n - 12. Suppose -348 = -d - n*d. What is the units digit of d?
7
Let t be 727/(-29) - (-34)/493. What is the hundreds digit of t/(3 + 992/(-328))?
0
Suppose -125 = 7*m + 71. What is the hundreds digit of m/((6/(-33))/2)?
3
Suppose 0*m = -6*m + 24. Suppose 3*c = 5*t - 40, -4*c + 5 = m*t - c. Let w(k) = -k + 25. What is the tens digit of w(t)?
2
Suppose 21*z - 330968 = -23*z. What is the units digit of z?
2
Suppose -w + 3*u + 10 = 0, -2*u - 3*u = -4*w + 33. Suppose w*b - 2*b = 1960. What is the tens digit of b?
9
Let n = -101 - -161. Suppose u - 265 = -w - n, -3*u - 201 = -w. What is the tens digit of w?
0
Suppose 13*l = -6 + 110. Suppose 9*n - 9809 = -l*n. What is the tens digit of n?
7
Let g(a) = 210*a + 5175. What is the tens digit of g(68)?
5
Let c = 43229 + 644. What is the thousands digit of c?
3
Suppose -17 = 3*x - 17. Suppose 4*f + 2 = -0*v + 2*v, x = -2*f + 3*v + 5. What is the units digit of (126/(-27))/((-1)/((-21)/f))?
9
Let g(r) = -1299*r - 1925. What is the tens digit of g(-35)?
4
Suppose -3*f + 5 = -8*f. Let r = f + 0. What is the hundreds digit of 371/3 - r - 32/48?
1
Let t(f) be the third derivative of 13*f**6/120 - f**5/10 + f**4/8 - 16*f**2. Let y be t(3). Suppose -4*l - 50 = -y. What is the tens digit of l?
6
Let k = 45770 - 18255. What is the thousands digit of k?
7
Let d(s) = -43 + 7 - 76 - 11 - 56*s. What is the hundreds digit of d(-4)?
1
Let h = -2018 - -9423. What is the units digit of h?
5
Suppose 56 = 4*l - 3*t, t + 6 = 2. Suppose -2*f = -2*u - 36, 0 = -4*f - l*u + 12*u + 66. What is the tens digit of f?
1
Let f(o) = -16*o**3 - o**2 - 2*o - 9. Let u be f(3). Let y = u + 765. What is the units digit of y?
9
Let i = 490 - 224. Let c = i + 211. What is the hundreds digit of c?
4
Suppose 19*j = -0*j + 50825. What is the units digit of (-3 + 4)*j/5?
5
Let u(l) = 691*l**3 - 6*l**2 + 3*l + 2. Let m(r) = -691*r**3 + 7*r**2 - 4*r - 2. Let g(q) = -3*m(q) - 4*u(q). What is the tens digit of g(-1)?
9
Let o(x) = 2*x**2 + 13*x + 2. Let q be o(-7). Suppose 37*b - 7196 = q*b. What is the tens digit of b?
5
Suppose -h - 20 = -2*h + 4*p, -2*p = 3*h - 46. Let j(n) = -5*n + 89. What is the units digit of j(h)?
9
Suppose 28*a = 42*a - 23478. What is the units digit of a?
7
Let p(i) = 15*i**2 - 11*i - 58. Suppose 2*t + 5*v + 32 = 0, 0*v + 4 = -v. What is the tens digit of p(t)?
4
Suppose -718 + 14608 = 5*y - a, -8334 = -3*y + a. What is the thousands digit of y?
2
Let x = 11 + -109. Let l = x - -100. What is the hundreds digit of -5 + l/1 + 122?
1
Suppose -5*w - 4*r = -15766, 0 = 5*w - 3*w + 3*r - 6305. What is the tens digit of w?
5
Let i(j) = 2*j**2 + 4*j - 16. Let h be i(2). Suppose h = r - 317 - 133. What is the units digit of r?
0
Let m(w) = 13521*w + 182. What is the thousands digit of m(1)?
3
Suppose -2*g - r - 314 = -3*g, -624 = -2*g - 2*r. Let q = g - -33. Wha